 i be (2/4)/1 + (-1)/2. Suppose 21 = -4*h - l - 4*l, i = -4*l + 12. Is t(h) prime?
True
Suppose 5*a + 50 = -4*g, 0 = 3*a + a - 3*g + 9. Let c be (a/(-8))/(4 - 60/16). Suppose -3*h - 2*u = 2*u - 291, -u = -c*h + 291. Is h a prime number?
True
Let j(w) = 60521*w**2 + 204*w - 411. Is j(2) prime?
False
Suppose 5*m = -5*u + 5, 6*m = u + m - 7. Suppose 3*j = -u*d + 11003, -3*d + 3*j + 16542 = -0*d. Is d composite?
True
Suppose 2*h - 6*w + 2*w - 172 = 0, 2*w + 338 = 4*h. Let s = -82 + h. Let d(t) = 266*t**2 + 2*t + 1. Is d(s) a prime number?
True
Suppose 4*v + 222507 = 3*s, 170836 - 22500 = 2*s - 3*v. Is s prime?
True
Suppose 2*c - 2*k = 304622, 36*c + 456933 = 39*c - k. Is c a composite number?
False
Let m(u) be the third derivative of u**5/30 - 7*u**4/8 + u**3/6 - 11*u**2. Let a be m(9). Is (-3295)/(-7) - a/91 composite?
True
Let m(d) = 455*d**2 + 5*d + 21. Is m(4) a composite number?
False
Let f(h) = h**3 - 2*h**2 - 63*h - 262. Is f(51) prime?
False
Suppose 63*q + 117913 = 4*n + 60*q, -3*n - 4*q = -88391. Is n a prime number?
True
Let s = -22964 - -32529. Is s a composite number?
True
Suppose -4*w + 5*k + 750614 = 0, -2*w + 672*k = 673*k - 375300. Is w a composite number?
False
Let p = 23509 + -8526. Suppose -6*k + 19691 = -p. Is k a prime number?
True
Suppose 8*f - 10400 - 3312 = 0. Suppose -5*o - 2140 = 5*b - 0*b, -5*o = 4*b + f. Let k = b - -617. Is k a composite number?
False
Suppose -4*d = -2 - 18. Suppose 4*b - 5*b - d*w = -5528, 5*b - 5*w - 27550 = 0. Is b prime?
False
Suppose -57 = 4*d - 3*p, -12 = -2*d - 4*p - 46. Suppose 38*j - 108 = 42*j. Is 7752/40 - (j/d + -2) prime?
False
Suppose -60*a + 34*a = -35*a + 862506. Is a a prime number?
False
Suppose -419*d + 414*d = 150. Is (-173805)/d + -13 + (-6)/4 a prime number?
True
Let b be -4142 + (4/4*-3 - -5). Let r = b + 730. Is (-1)/(-2) - r/4 prime?
True
Let a(f) = f - 8. Let b(r) = -r**3 - 5*r**2 - 4*r - 9. Let o be b(-5). Let x be a(o). Is (-32)/(-112) - -2447*x/7 prime?
True
Let t = 55432 - 1191. Let b = t + -35624. Is b composite?
False
Let d = -1188 - -179. Let y = d + 100. Let l = -460 - y. Is l prime?
True
Let d(r) = -2*r**3 - 37*r**2 - 17*r + 545. Is d(-33) a composite number?
False
Suppose 1304 = 3*n - y - 7002, -5*y - 2792 = -n. Let l = n + 1222. Is l a prime number?
True
Let m(w) = -41*w - 121. Let t be m(-3). Is (-20 + 21)/(-2*t/(-3932)) a prime number?
True
Let l = 12292 - 7647. Is l a composite number?
True
Suppose -m = -10*m + 2043. Suppose 5*w + 531 + 369 = 0. Let f = m - w. Is f a composite number?
True
Suppose -5*y + 2*q = -248, -4*y + 192 - 12 = 3*q. Let i = -48 + y. Suppose d + 600 = u, 0 = 4*u + d - i*d - 2385. Is u a composite number?
True
Let b(y) be the second derivative of y**5/20 + 35*y**4/12 + 47*y**3/6 - 23*y**2 - 6*y + 5. Is b(-23) prime?
False
Is 24637 - (5 - (6 + 1) - -2) a composite number?
True
Let a be 4 + (-17 - -1)/4. Suppose -24*k + 27*k - 21399 = a. Is k a composite number?
True
Let q(t) = t**3 - 9*t**2 - 2*t - 9. Let k(i) = i**2 - i - 1. Let l(u) = 2*k(u) - q(u). Let b = 81 + -75. Is l(b) a composite number?
True
Suppose 4*l - 36 = -5*h + 58, 5*h - 93 = -3*l. Suppose -17*d - 5557 = -h*d. Is d a prime number?
True
Let g = 35 + -31. Suppose -g*y + 3*v - 3295 = 0, 2*y + 2681 - 1017 = -4*v. Let z = -557 - y. Is z a composite number?
False
Let q(m) = 224*m + 3029017. Is q(0) a prime number?
True
Let v(q) = 5*q**2 + 85*q - 107. Is v(-79) composite?
True
Let f(x) = 4846*x - 8. Let s be f(-2). Let k = s + 16980. Suppose -8*w + k + 62648 = 0. Is w composite?
False
Suppose 3*h + 46 = -2. Is 4*(-5 + (-396)/h) prime?
True
Let u(t) = -51*t**3 + t**2 + 3*t + 3. Let y be u(-1). Suppose 12*l = 272 + y. Is (3/(l/5403))/((-1)/(-3)) a composite number?
False
Let h = -133271 + 253660. Is h prime?
False
Let p(v) = 6*v**3 - 83*v**2 + 8*v - 26. Is p(34) a composite number?
True
Suppose 36 = -2*y + 5*y. Let r be y*-5*(-1)/20. Suppose 3*x - 4844 = -4*w, -r*w - 4*x = -6*w + 3633. Is w prime?
False
Is 2*((-45027)/(-4) - (-95)/(-76)) composite?
False
Suppose 25*p - 1055008 = 2879617. Is p a prime number?
False
Suppose 25*m - 31*m + 18 = 0. Let v be (-12 - -16) + (-7038)/(-2). Suppose -2*h + 5*u + 2374 = 0, -u - v = -3*h - m*u. Is h a prime number?
False
Suppose 329*l + 24423729 = 68*l + 219892110. Is l a prime number?
True
Let s be (-72)/(-20) + (-3)/((-15)/2). Suppose -s*g + a + 1831 = 0, -g - 4*g + 2300 = a. Let o = 997 - g. Is o a prime number?
False
Let p = 1004 - 669. Suppose -d = -3*f + 2725, f - d = p + 576. Is f composite?
False
Let h(i) = -i**3 + 3*i**2 + 3. Let u be h(3). Suppose u*z - 21570 = -4*c, -2*z - z + 21570 = -4*c. Is z/35 + (-3)/7 a prime number?
False
Let m(p) = p**3 - 16*p**2 - 192*p + 307. Is m(98) a prime number?
True
Let l(s) = -75*s + 12. Let f(a) = -37*a + 5. Let t(w) = -9*f(w) + 4*l(w). Let d be t(-5). Is 7 + d/24 - 7470/(-8) prime?
False
Let z = -426 - -431. Is 126012/(z + 1) - -1 a composite number?
True
Let z = 26 - 20. Suppose z*b = 3*b - 12. Let c(a) = 15*a**2 - 5*a + 2. Is c(b) a composite number?
True
Let c = 106 + -101. Suppose -401 = -2*g + c*p, -5*g + 2*p = -p - 1012. Is g prime?
False
Let i(q) = -q**3 - 5*q**2 + 7*q + 4. Let n be i(-6). Let l be (-5 - 1)*(-3 - -2). Is 951 + l/(1 - n) a composite number?
False
Let d(y) = 463*y**2 - 13*y - 73. Let c(q) = -463*q**2 + 12*q + 72. Let h(v) = 3*c(v) + 4*d(v). Is h(-5) composite?
False
Let o = -2509 - -4368. Let p = o - -658. Is p a prime number?
False
Let f = -72 - -129. Let a = f + -46. Suppose 10*u + 127 = a*u. Is u a composite number?
False
Let l(j) = 271*j**3 - 14*j**2 + 13*j - 313. Is l(11) composite?
True
Let c(f) be the third derivative of -f**5/60 - f**4/24 + 7*f**3/6 + 4*f**2 + f. Let a be c(-4). Is -2 + (-1 - a) + 317 a composite number?
True
Suppose 5*c - 2*v = 16711, 4*v - 6*v + 16719 = 5*c. Is c a prime number?
True
Suppose -95 = -5*u - 50. Suppose -5*b - 135 = -3*i + 2836, 3*i = -9. Is (b/(-6))/(6/u) a prime number?
True
Suppose 0 = 20*m - 16*m - 48. Suppose -4*r - m = 2*a, 3*a - r = 2*r - 9. Is 4530/50 - a/10 a composite number?
True
Let r = -56 + 55. Is 63092*(-2)/(-32) - r/(-4) prime?
True
Let f be (6 + 36/(-10))/((-3)/(-110)). Let y = f + 547. Is y prime?
False
Suppose s - 16267 = 15354. Let j = s + -11004. Is j composite?
True
Suppose -3*p = 19 - 49. Let z be (p/(-6))/(9/(-27)). Suppose -4*n = 5*l - 126, 6*l - 4*l - z*n = 24. Is l prime?
False
Let k be (-3 - 185)*(-4 + 49/14). Suppose -97*l + 10011 = -k*l. Is l a composite number?
True
Let w(y) = 548*y + 151. Let i be (6/2)/((357/(-56))/(-17)). Is w(i) prime?
False
Suppose 0 = -2*y - 4, 5*c - 24 = -0*y - 3*y. Suppose 4*p - 4*f = 76, -c*p + p = 3*f - 63. Is (4 + (-70)/p)/((-2)/573) a prime number?
True
Let b = -4674 + 9295. Is b a prime number?
True
Let d(l) = 20*l**2 + 95*l + 28. Let f(g) = -6*g**2 - 32*g - 9. Let h(u) = 3*d(u) + 8*f(u). Is h(13) composite?
False
Let g(j) = -2*j + 6. Let k be g(2). Let o(a) = -135*a**3 - 2*a**2 + 4*a + 1. Let x be o(k). Let y = 114 - x. Is y a prime number?
True
Let p = -217910 - -522787. Is p composite?
True
Let o(q) = q**2 + 5*q - 6. Let d be o(6). Let w be 6/(-24) + 538/8. Let m = w + d. Is m composite?
False
Let n(o) = 81*o + 399. Let w(u) = -27*u - 143. Let k(t) = 4*n(t) + 11*w(t). Suppose 0 = -4*z + 3*f + 52, 45 = 4*z - 5*f - 15. Is k(z) prime?
True
Is (((-500)/75)/(-20))/((-4)/(-567586))*6 a composite number?
False
Is (1 - 2)/(14/(-6) - (-62415330)/26749755) a composite number?
True
Let b be (8/20)/(3/15 + 0). Suppose 3*n - b*n = 1441. Let l = n + -372. Is l composite?
False
Suppose 4 = 2*f, 9*q + f - 12 = 4*q. Let i(h) = -8*h**2 - 11*h - 2. Let b(c) = -8*c**2 - 12*c - 1. Let l(x) = q*i(x) - 3*b(x). Is l(-6) a composite number?
True
Suppose 3 = -3*d - 0*d. Let z be (-15)/(d + -4) - 277. Let f = 588 + z. Is f prime?
False
Let v(d) be the third derivative of 95*d**4/3 - 13*d**3/6 - d**2. Let o be 22/4 + 7/(224/(-48)). Is v(o) a composite number?
True
Let u(p) = -7*p + 241*p**2 + 12 - 487*p**2 - 63*p**3 + 253*p**2. Is u(-7) a prime number?
True
Suppose -5*k = -0*x + 2*x - 44, 2*k + 4 = 0. Suppose x*d - 29*d = -12. Is (4/(-6))/(d/(-1017)) a composite number?
False
Suppose 4*t + 13 = f, -3*f + f = 5*t. Is (-2 - -3 - -358)*f a prime number?
False
Let p(l) = 1411*l**2 - 2*l - 3. Let d be p(-4).